ne m(-5).
2
Suppose -12 = -4*k - 0. Let m(v) = -k*v + 19*v**2 - 12*v**2 - 2 - 8*v**2. Calculate m(-2).
0
Suppose -10 = -5*s - 0. Let z(d) = -d + 4*d - 4*d + 2. What is z(s)?
0
Let i(v) = -2*v**3 - 3*v**2 + 1. Let t be i(-2). Let x(l) be the second derivative of 7/2*l**2 + 0 - 1/6*l**3 + 3*l. Give x(t).
2
Let u(m) = m**3 + 8*m**2 - 7*m + 13. Let x be u(-9). Let n(d) be the first derivative of 3*d**2/2 + 5*d + 28. Give n(x).
-10
Let y(d) = -4*d - 5. Let o = 0 + -5. Determine y(o).
15
Let p(c) be the first derivative of c**5/120 + c**4/6 - 2*c**3/3 - 2. Let n(v) be the third derivative of p(v). What is n(4)?
8
Let c(i) be the first derivative of -i**2/2 - 6*i + 3. Let m be 1*(2 - 2/1). Determine c(m).
-6
Let r be 3 - (7 + 0) - -16. Let n = r + -15. Let m(p) = 4 + 5*p + 4*p**2 + 2*p**3 - p**3 + 0. Determine m(n).
-2
Let m(s) = 1. Let n(x) = -x. Let y(r) = -2*m(r) - n(r). Let l be (-2 - -3)/(2/2). Let j be 1*6 - l/1. Determine y(j).
3
Let a(y) = -y**3 - 2*y**2 - 4. Let z be (2/4)/((-3)/24). Let w be -2 - (2 + z - -2). Let v be -1 - (2 + w - -2). Give a(v).
5
Let r = 95 + -45. Let g(w) = 28 + 27 + 5*w + w**2 - r. Suppose -25 + 5 = 4*m. Give g(m).
5
Let g(m) = 3*m - 3. Let b be (-1 - -5)/(6 - 4). Determine g(b).
3
Let t(h) = -1. Let b(s) = s - 9. Let r(w) = -b(w) + 3*t(w). Determine r(0).
6
Let s(w) be the first derivative of -w**3/3 - 3*w**2/2 + 7*w - 4. Let r be s(-4). Let p(m) = m**2 - 3*m + 1. Determine p(r).
1
Suppose 10 = -3*m - 5*n, -2*m - 4*n = -2*n + 4. Let b(w) = w**2 - w - 4. Calculate b(m).
-4
Let n(u) = -4*u**2 + 4*u - 10. Let h(b) = -3*b**2 + 5*b - 10. Let i(o) = -3*h(o) + 2*n(o). Give i(8).
18
Let a be (0 - -2) + 0 + 2. Let t(u) be the first derivative of u**4/4 - u**3 - 7*u**2/2 + 6*u - 2. Calculate t(a).
-6
Let d(y) be the first derivative of 6 - 7/2*y**2 + 0*y. What is d(1)?
-7
Let b(p) be the first derivative of p**6/60 - p**5/30 - p**4/12 + p**3/6 - p**2/2 - 1. Let u(v) be the second derivative of b(v). Give u(2).
5
Let f(n) = n**3 + 3*n**2 + n - 4. Let z be 1 - (-3)/6*2. Let l be (z + -5)/(1 + 0). Give f(l).
-7
Let d be 1 + 1 + 0/(-1). Suppose -d*n = -4*n + 8. Let b(z) = 6*z - 17. Let r(g) = 4*g - 11. Let o(m) = 5*b(m) - 8*r(m). Calculate o(n).
-5
Let m(b) be the third derivative of b**4/24 - 23*b**2. What is m(-2)?
-2
Let g(j) = j**3 + 2*j**2 + 3*j + 3. Suppose -4*t = 3 - 19. Let q be ((-2)/4)/(1/t). Determine g(q).
-3
Let s = 8 + -5. Suppose -s*x + x + 6 = 0. Let f(m) = -m - 4. Give f(x).
-7
Let x(a) = a + 4. Let r(h) = 0*h**2 + 0*h**2 - 5*h + h - h**2. Let f be r(-4). What is x(f)?
4
Suppose o = -4*o - 20. Let s(x) be the third derivative of -x**6/120 - x**5/30 + x**4/6 - 2*x**3/3 + x**2. Calculate s(o).
12
Suppose 0 = 9*u - u - 96. Let z(g) = g**2 - 13*g + 15. Calculate z(u).
3
Let m be 2/((-6)/81*1). Let t be m/(-21) - (-4)/(-14). Let r(z) be the first derivative of -2*z**3 + z**2/2 - z - 4. Calculate r(t).
-6
Let i(d) = -15*d + 28*d - 7 - 14*d. What is i(-3)?
-4
Let z(x) = x**3 + 5*x**2 + x - 2. Let t(m) = -m**2 + 4*m - 5. Let o be t(4). Determine z(o).
-7
Suppose 5*i - 4*z + 16 = 0, -4*i - 4*z - 6 - 14 = 0. Let p(w) = -w - 3. Let b(o) = 2*o + 4. Let y(m) = 3*b(m) + 4*p(m). Calculate y(i).
-8
Let a(x) = -3*x**3 - 3*x**2 - 5*x + 4. Let s(u) = u**2 + u - 1. Let f(y) = -a(y) - 5*s(y). What is f(-1)?
-4
Let n(f) = -3 + 2 + 3*f - 5*f. What is n(-3)?
5
Let g(v) = -v**2 - 1. Let j(z) be the third derivative of -z**6/120 + 2*z**3/3 + 2*z**2. Let f(i) = -4*g(i) - j(i). Calculate f(-4).
0
Let o(v) = v - 6. Suppose -b - 3 = -2*d, 2*d - 4*d - b = -9. Suppose 0 = -5*t + 20 + 10. Let g = t - d. What is o(g)?
-3
Let l(w) = 5*w - 7. Let t(h) = -10*h + 13. Let b(k) = -5*l(k) - 3*t(k). Calculate b(3).
11
Let a = 15 + -30. Let x be 1 + 1 + -5*1. Let q be x/a + (-24)/(-5). Let i(c) = c**3 - 4*c**2 - 5*c - 2. Give i(q).
-2
Let j(y) = y**2 - 3*y - 2. Let d be j(4). Let h(w) = -5*w + 4*w + d*w + w**2 - 2*w. Calculate h(2).
2
Let w be -2*((-30)/(-4))/(-5). Suppose 7 = -w*y + 22. Let h(m) be the first derivative of m**2/2 - m + 1. What is h(y)?
4
Let m(i) be the third derivative of -i**4/6 + 4*i**2. Let f be (18/27)/(2/(-3)). Calculate m(f).
4
Let l(d) = -8*d**3 - 5*d**2 + 5*d + 7. Let o(s) = 7*s**3 + 4*s**2 - 4*s - 6. Let f(g) = 5*l(g) + 6*o(g). What is f(1)?
1
Let o(s) = -s**3 + 7*s**2 + 6*s + 11. Let k = 74 + -66. Give o(k).
-5
Suppose -80 + 0 = -5*k. Suppose -2 - k = -3*g. Let c(v) = -v**3 + 6*v**2 - 4. Give c(g).
-4
Let n = -14 - -20. Let b(w) = w - 3. Determine b(n).
3
Let r(h) = 2*h + 1. Let y(c) = 2*c + 1. Let i(w) = -4*r(w) + 6*y(w). Give i(3).
14
Let m(c) = -c**2 - 2*c + 2. Let r(f) = f**2 + 3*f - 3. Let q(d) = 4*m(d) + 3*r(d). Give q(3).
-7
Suppose -28*o + 4 = -30*o. Let d(k) = 3*k + 3. Give d(o).
-3
Let g(w) = w**3 + 8*w**2 + w + 6. Suppose -4*t + 9 = 41. Let b be g(t). Let x(i) = i**3 + 2*i**2 + 2. Give x(b).
2
Let y(f) = -2*f**2 + 3*f + 4. Let s = 3 - 11. Suppose 5*k + 3*x - 75 = -x, -x + 16 = k. Let z = s + k. Calculate y(z).
-5
Let o(j) = -6*j + 3. Let c be o(1). Let a(v) = v**2 + 4*v - 3. Calculate a(c).
-6
Let t(c) = -c**3 - 4*c**2. Let r(l) = 2*l**3 + 7*l**2. Let i(s) = 3*r(s) + 5*t(s). Let w = -23 + 13. Let b = w + 10. Give i(b).
0
Let n = 5 - 7. Let t(p) = 2*p + 1. Calculate t(n).
-3
Let w(h) = 6*h**2 + h. Suppose -5*o - 6 = -2*k, -26 = -4*k + 3*o - 0*o. Let x(p) = p**2 + 17*p - 25. Let v be x(-18). Let c be 6/k + v/4. Determine w(c).
5
Let t be -3*2/(-15)*5. Suppose -4*v + 31 = 3*i, t*v - 14 = -5*i + 19. Let l(p) = 0*p**2 + i*p + 4 + 1 - 2*p**2 + 3*p**2. Determine l(-5).
5
Suppose 0 = 4*c + 1 - 5. Let h(y) = 3 - 5 + y**2 + y + c. What is h(0)?
-1
Let n(t) = -9*t + 12. Let v(p) = 5*p - 6. Let g(i) = 4*n(i) + 7*v(i). Give g(0).
6
Let g(o) = -o + 1. Let w be g(-4). Suppose -6*c + c = -w*y - 40, 2*y = -c - 10. Let n(l) = l**2 + 7*l + 6. Calculate n(y).
0
Let n(j) = 6*j + 1 + 7*j - 12*j. Calculate n(5).
6
Let v(u) = -3*u - 9. Let k(q) = -10*q - 25. Let l(r) = 4*k(r) - 11*v(r). Calculate l(-1).
6
Let s = 79 - 80. Let u(i) = i**3 - 2*i**2 - 2*i - 1. Determine u(s).
-2
Let w(z) = z + 2. Suppose -19 = 2*b + 3. Let j = b + 5. What is w(j)?
-4
Let u(q) be the first derivative of q**4/4 + 2*q**3/3 - 2*q**2 - 4*q - 35. What is u(-3)?
-1
Let i(s) = s**3 - 4*s**2 + s - 2. Let y = 102 - 99. Give i(y).
-8
Suppose 5*q - 16 = -3*w + 11, 4*q - 28 = 4*w. Let x(u) = -u + 3. Calculate x(q).
-3
Let c be (2 + 3/6)*4/2. Let g(s) = s**2 - 7*s + 5. What is g(c)?
-5
Let r(w) = 4*w**3 - 2*w**2 + w + 2. Let j be r(1). Let l(q) = q**3 - 5*q**2 + q - 3. Calculate l(j).
2
Suppose 0 = -4*u - 16, -4 = 5*d - u + 7. Let p(v) = 13*v - 4. Let l(j) = -17*j + 4. Let h(q) = 4*l(q) + 5*p(q). Give h(d).
5
Let z be (-3)/(-4) - ((-138)/(-24) - 1). Let d(v) be the first derivative of v**2/2 + 3*v + 1. Give d(z).
-1
Let g(l) be the second derivative of -l - 2*l**2 - l**3 + 1/24*l**4 + 0. Let q(i) be the first derivative of g(i). What is q(4)?
-2
Let b(j) = 2*j - 9 - j**2 - 5*j + 4*j + 0*j. Determine b(0).
-9
Let g(o) = -9*o**2 - 6*o - 7. Let f(p) = 8*p**2 + 5*p + 6. Let m(k) = -6*f(k) - 5*g(k). Let x be m(1). Let s(w) = w + 4. Calculate s(x).
0
Let u(x) = -x**2 - 5*x + 8. Let s(a) = -a**2 + 7*a - 6. Let c be s(5). Let k(z) = z**3 - 5*z**2 + 4*z - 6. Let w be k(c). What is u(w)?
2
Let h(w) be the first derivative of w**4/4 + 7*w**3/3 - w**2/2 - w - 4. Let t be h(-7). Let n(u) = 4*u - 6. What is n(t)?
18
Let n(u) = -u + 2 + 0 - 7 - 3. Give n(-7).
-1
Let r be (-1 - -2)*-1*0. Let f be 1 + -2 + 3 - 0. Let l(a) = -8*a**2 + 4*a**f + 2*a**2 + 2 - a + a**2. Give l(r).
2
Let n be 2/(2 + (-3)/3). Suppose n*q + c = q - 3, -3*q - 9 = -3*c. Let x(p) = -p**2 - 2*p - 3. What is x(q)?
-6
Let g(k) = 0*k**2 - 2 - 2*k + k + 2*k - 2*k**2. Let l(x) = -2*x**2 + 2*x - 3. Let o(n) = 3*g(n) - 2*l(n). What is o(-2)?
-6
Let y(x) = -11 + x - 16 - 7 + 27. Calculate y(7).
0
Let b = -4 + 6. Suppose 2 = -b*i + 3*i. Let s be (6*i)/2 + -2. Let v(l) = -l**3 + 5*l**2 - 6*l + 6. What is v(s)?
-2
Let n(p) be the first derivative of 3*p**2/2 - 3*p - 10. Determine n(6).
15
Let p = 4 - 2. Let a be (-2 - -12)*p/5. Let m(c) = c - 3. Determine m(a).
1
Let p(a) = a**2 - 7*a + 4. Suppose 2*c = -4*q + 18, -3 = -5*c - q + 33. What is p(c)?
4
Let g(q) = -3*q**2 + 0 + 5 + 3*q + q**2 - 3. Let x = 4 - -1. Suppose d - a = 